 - 59*h**2 - 5 + 36*h**2 + 40*h**2 - 16*h**2. What is y(-8)?
-13
Let w(f) be the second derivative of -f**4/12 + f**3/2 - f**2/2 + 3279*f. Calculate w(5).
-11
Let r(h) = 20*h**3 + 42*h**2 - 2*h. Let z(u) = 17*u**3 + 40*u**2 + u. Let w(b) = -8*r(b) + 9*z(b). What is w(-1)?
6
Let c(r) = 9*r**2 + 7*r + 3. Let j(x) = 2*x**2 + x + 1. Let p(k) = 3*c(k) - 15*j(k). Give p(6).
-78
Let x(v) = 2*v**2 + 7*v - 5. Suppose 0 = -6*p + 5*p - w + 44, 5*p - 4*w = 211. Let s be p/(-9) - ((-460)/36 - -13). Give x(s).
10
Suppose -2*b = -5*b + 9. Suppose 4*o + b*s = 15, 0 = 4*o + 2*s - 0 - 10. Let j(z) be the third derivative of -z**5/60 + z**4/24 + z**3 + 5*z**2. What is j(o)?
6
Let c(z) = -z**3 - 38*z**2 + 37*z + 3. Let i be c(-39). Let d(x) = -i - 91 + x**2 + 8*x - 87 + 274. What is d(-6)?
3
Let a(k) be the third derivative of 5*k**4/24 + 12*k**3 - 1217*k**2 - 2*k. Determine a(-15).
-3
Let q(i) = 4 - 3 - 5*i + 8*i**2 - 4*i**2 - i**3 + 1. Suppose 9 = -3*y - 5*l, -4*l + 11 - 2 = -3*y. Let h be (y/(-4))/(2/8). Determine q(h).
-4
Let i(l) = -l**3 + 10*l**2 - 7*l + 9. Suppose 284 = 18*m + 122. Calculate i(m).
27
Let o(g) = -916*g + 1878*g - 1032*g. Give o(-1).
70
Let b(k) be the second derivative of -3*k - 3/2*k**2 + 8 + 1/3*k**3. What is b(6)?
9
Let x(o) be the third derivative of -o**5/30 + 3*o**4/8 - 59*o**3/3 + 117*o**2. Let m(n) be the first derivative of x(n). Determine m(6).
-15
Let l = -28 + 28. Suppose -m - m = l. Let b(u) = -u - 2. Let p(w) = 2*w + 2. Let g(k) = -5*b(k) - 3*p(k). Give g(m).
4
Let m(c) = -64*c + 15. Let z be m(-1). Let a(w) = 67 + 3*w**3 - w - 2*w**3 - z - 11*w**2. What is a(11)?
-23
Let a(x) be the second derivative of -9*x**5/20 + x**4/4 + x**3/6 - x**2/2 + 29*x. Let l be a(-1). Let k(c) = 2 + 7*c + 4*c - l*c. What is k(5)?
7
Let b(s) be the third derivative of s**6/120 - 4*s**5/5 + 22*s**4/3 + s**2 + 3*s - 423. Give b(44).
0
Suppose -l = 5*u - 2, 0*l + 10 = 5*l + 5*u. Let d(w) = 1 + 43*w**3 + 5*w**2 - l*w - w - 44*w**3. Let h = 101 - 97. What is d(h)?
5
Let o be (-1 + -2)*(-1 - 15/9). Let d(l) = -16 - l**3 + 34 + l - 4*l**2 + o*l**2 - 19. Determine d(4).
3
Let f(b) = 2*b**2 + 2*b + 3. Let c(t) = t**3 - 9*t**2 - 7*t - 12. Let k be 6*2/4 - (-180)/3. Let d = -72 + k. Let h(o) = d*f(o) - 2*c(o). Calculate h(-2).
21
Let p(d) be the second derivative of d**4/12 + 13*d**2/2 + 5*d. Let q be p(0). Let v(n) = -1 - q - n**2 + 10 + 8*n. What is v(4)?
12
Let v(l) = -5*l - 30 + 53 + 6*l + 2*l. Give v(5).
38
Suppose x - 64 = 2*c, 3*x - 186 = 6*c - 3*c. Suppose x = 11*y + 5. Let j(w) = -3*w + 4. Give j(y).
-11
Let y(w) = 3*w**2 + 28*w + 9. Let u(t) = -7*t**2 - 65*t - 19. Let g(a) = -4*u(a) - 9*y(a). Determine g(0).
-5
Let s(l) = 10*l**2 - 131*l + 16. Let j(o) = -19*o**2 + 238*o - 29. Let w(m) = -6*j(m) - 11*s(m). Give w(-4).
10
Let d(f) = 11 + 2*f - 8 - 2. Let r be d(3). Let p(u) = -u**3 + 6*u**2 + 6*u - 2. Give p(r).
-9
Let f(g) = 5*g - 37. Let r(q) = q - 27. Let n(h) = -f(h) - r(h). What is n(12)?
-8
Suppose 6*v = 4*v + 12. Let q(u) = 4*u - 8. Suppose 12*i + 9 = 15*i. Let m(b) = b. Let a(y) = i*m(y) - q(y). What is a(v)?
2
Let h(u) = -41 + 77 - 37 + u. Let k(z) = -z - 1. Let g be (-2)/(-9) + 16/(-72). Let s be k(g). Determine h(s).
-2
Let f(s) = -2*s**3 - 13*s**2 + 7*s + 6. Let o be -9 + 3 + -12 + 11. Give f(o).
6
Suppose 0 = 3*f - 7 - 17. Let a(q) = -45*q**2 - 2 + 25*q**2 + f*q - 8 + 19*q**2. Determine a(6).
2
Let g(v) = 23*v + 63. Let r be g(-3). Let t be (5/(-25) - r/30) + 3. Let d(s) = -s**2 + 2*s - 1. What is d(t)?
-4
Let y(a) = -a**3 - 3*a**2 + 3*a - 1. Let b(r) be the second derivative of 1/6*r**3 + 0 + 5*r - r**2 - 1/6*r**4. Let x be b(1). Calculate y(x).
-10
Let x(c) = 3*c + 0*c - 25*c**2 - c + 21*c**2. Calculate x(-1).
-6
Let y(t) = 5*t**2 - 5*t - 4. Let p = -483 - -472. Let n(u) = -14*u**2 + 15*u + 13. Let q(f) = p*y(f) - 4*n(f). Calculate q(6).
-2
Let x(z) = -z**2 + 10*z - 3. Suppose -4*g + 4*y = -36, -15 = -g - y + 5*y. Let j be (g/21)/((-2)/(-66)). Determine x(j).
-14
Let o(m) be the second derivative of 0 + 9/2*m**2 + 16*m + 7/12*m**4 - 7/6*m**3 - 1/20*m**5. Calculate o(6).
3
Let x(r) = 1300*r - 3909. Let d be x(3). Let o(w) = 4*w**2 + 34*w - 9. Determine o(d).
9
Let g(o) = 2*o - 4. Let n(r) = 179*r - 369*r + 42 + 183*r. Let w be n(6). Suppose 0 = -0*l - 4*l - f - 16, w = -4*f - 16. Calculate g(l).
-10
Let t(i) be the first derivative of -i**7/840 + i**6/120 + i**5/40 + i**4/6 + 190*i**3/3 + 234. Let v(k) be the third derivative of t(k). Determine v(5).
-31
Suppose -5*m + 70 - 60 = 0. Let x(y) = 8*y - 7 + 1 + 4*y**2 + 4*y**2 - y**3 - 3*y**m. Let f = 1 + 5. Determine x(f).
6
Let u(j) = 2*j**2 - 8*j + 5. Suppose -10*g = 2700 + 2300. Let s = g + 504. Give u(s).
5
Let b be (-12)/(-3) - (-58)/(-2). Let f = b - -48. Suppose -3*w = -i + 2 - 0, -f = 5*i - 4*w. Let j(q) = q. Calculate j(i).
-7
Suppose -2*x = 3*r - 8, -2*r = 4*x - 0*x. Suppose 0*q - r*q = 12, 5*l - 4*q + 3 = 0. Let i(z) = -2*z**3 - 4*z**2 - 3*z - 3. Calculate i(l).
24
Let b(r) = 10*r + 14. Let q be (((-260)/40)/(-13))/((-1)/10). Determine b(q).
-36
Let i(r) = r**3 + 25*r**2 + 20*r - 38. Let j be i(-24). Suppose -9*g + 5*g - j = 5*t, -48 = 4*t + 4*g. Let b(s) = s**3 + 11*s**2 + 9*s + 5. Give b(t).
15
Let n(r) = 15*r**3 + 8 - 15*r - 9*r**2 - 7*r**3 - 9*r**3 - 13. Calculate n(-7).
2
Let z(f) = 2*f**2 - 1. Let q(u) = -5*u**3 - 6*u + 6. Let k be q(1). Let s(w) = -11*w**2 - 4*w - 3. Let p(n) = k*z(n) - s(n). Determine p(-6).
20
Let r(c) = -2*c**2 - 40*c. Let i(q) = -7*q**2 - 179*q - 26. Let f(b) = i(b) - 4*r(b). Give f(20).
-6
Let i(f) = f**3 + 5*f**2 + 2*f - 6. Let d(b) = -6*b**2 - 50*b - 19. Let t be d(-8). Calculate i(t).
6
Let r = 216 + -213. Let d(b) = -6*b + 8. Let i(n) = 7*n - 11. Let k(s) = r*i(s) + 4*d(s). Determine k(-2).
5
Let v(p) = 13*p - 1. Let f = 4401 + -4404. What is v(f)?
-40
Let d(h) be the first derivative of h**4/4 - 7*h**3/3 + 8*h**2 - 18*h - 2004. Calculate d(5).
12
Let a = -18634 - -18629. Let m(k) = -7*k + 35. Determine m(a).
70
Suppose -43*x = 417 - 374. Let q(u) = -17*u + 2*u - 26*u. Determine q(x).
41
Let i(q) be the third derivative of -4/3*q**3 + 0 + 0*q**4 + 1/120*q**5 + 0*q + 14*q**2. Let s(v) be the first derivative of i(v). Determine s(-7).
-7
Let o(t) = 18*t**2 + 3*t + 10. Let u be o(-2). Let l = u + -78. Let q be (0 - 3 - l)/(2/6). Let k(d) = -d**3 - 5*d**2 - 3*d + 2. Calculate k(q).
-7
Suppose 5*r = 2*x + 2, 3*r = -0*r + 5*x - 14. Suppose -13*d = -r*d + 132. Let q(i) = i**2 + 11*i + 5. Determine q(d).
17
Let j(d) = d**3 - 49*d + 4. Let x be 24/32 - (-100)/16. Calculate j(x).
4
Let v be (-2)/((-10)/375*3). Let m(n) = -v*n**3 + 8 - 6*n**2 + 10*n - 19*n**3 + 43*n**3 - 2*n. Calculate m(-7).
1
Let x = -41 + 47. Let q(l) = -3*l**3 + 3*l**2 + 3*l - 3. Let i(f) = -7*f**3 + 5*f**2 + 5*f - 7. Let k(c) = -2*i(c) + 5*q(c). Calculate k(x).
-7
Let n(i) = i**3 - 2*i - 11. Let s(r) = -3*r**3 + 4*r + 23. Let f(g) = -5*n(g) - 2*s(g). Let q be f(0). Let w(t) = t - 13. Calculate w(q).
-4
Let w(n) = -4*n - 2. Suppose 63*p + 4*x = 60*p + 17, -x = -2*p - 7. Let c be w(p). Let f(r) = 12*r + 2. Give f(c).
26
Suppose -7*i = -3*i + 20. Let z(q) be the first derivative of 1/4*q**4 + 2*q**3 + 2*q**2 + 0*q - 75. Determine z(i).
5
Let a(k) be the first derivative of -5*k**3/3 - k + 4875. Let o be 3*4/(-12)*-2. Calculate a(o).
-21
Let p(a) = -a**3 - 6*a**2 - 40*a - 467. Let c be p(-8). Let z(y) = -y**3 - 21*y**2 - 38*y - 17. Determine z(c).
-17
Let y(o) be the third derivative of 0 - 35*o**2 + 1/60*o**5 + 0*o**4 - 1/6*o**3 + 0*o. What is y(-1)?
0
Let q(h) = -3*h + 24. Let k(z) = z - 8. Let x be 250/(-7) - 22/77. Let t = 40 + x. Let a(g) = t*q(g) + 11*k(g). What is a(4)?
4
Let b(n) be the third derivative of n**5/60 - n**4/2 + 7*n**3/6 - 29*n**2 - 9. Suppose -19 = -4*j + 4*x + 13, 2*x - 6 = 0. Give b(j).
-4
Suppose 4*a + 32 = -4*s, 4*a + 23*s + 48 = 27*s. Let p(g) = -g - 8. Give p(a).
2
Suppose -2*t = 2 - 20. Suppose 8*y - 56 = 40. Suppose 13*s - y = t*s. Let x(j) = -3*j. Give x(s).
-9
Let l(u) = 8*u**3 - u**2 - 19*u + 23. Let c(r) = -r**3 + r**2 + 2*r - 1. Let d(k) = 7*c(k) + l(k). Let b(y) = y**2 + 7*y + 3. Let i be b(-5). What is d(i)?
2
Let y(c) = -216*c + 109*c + 4*c**2 - c**3 + 109*c + 10 + 0*c**3 - 3*c**2. What is y(0)?
10
Let r(z) be the first derivative of z**3/2 + 3*z*